{"id":49,"date":"2015-10-06T08:47:40","date_gmt":"2015-10-06T06:47:40","guid":{"rendered":"http:\/\/yvonnewaern.se\/?page_id=49"},"modified":"2021-08-05T18:12:59","modified_gmt":"2021-08-05T16:12:59","slug":"karsjohultsberattelser","status":"publish","type":"page","link":"https:\/\/yvonnewaern.se\/index.php\/karsjohultsberattelser\/","title":{"rendered":"Karsj\u00f6hultsber\u00e4ttelser"},"content":{"rendered":"<p><a href=\"http:\/\/yvonnewaern.se\/wp-content\/uploads\/2015\/12\/Prinsessan1.jpg\"><img loading=\"lazy\" decoding=\"async\" class=\"wp-image-167\" src=\"http:\/\/yvonnewaern.se\/wp-content\/uploads\/2015\/12\/Prinsessan1-1024x768.jpg\" alt=\"Prinsessan\" width=\"452\" height=\"338\"><\/a><\/p>\n<h5>F\u00f6rsta boken i serien &#8221;Karsj\u00f6hultsber\u00e4ttelser&#8221;<\/h5>\n<p><\/p>\n<p><figure id=\"attachment_164\" aria-describedby=\"caption-attachment-164\" style=\"width: 203px\" class=\"wp-caption alignleft\"><a href=\"http:\/\/yvonnewaern.se\/wp-content\/uploads\/2015\/10\/Waern-Yvonne-\u00c4nken\u00e5dens-hemlighet-E-bok-version-3.jpg\"><img loading=\"lazy\" decoding=\"async\" class=\"wp-image-164\" src=\"http:\/\/yvonnewaern.se\/wp-content\/uploads\/2015\/10\/Waern-Yvonne-\u00c4nken\u00e5dens-hemlighet-E-bok-version-3-211x300.jpg\" alt=\"Waern, Yvonne - \u00c4nken\u00e5dens hemlighet E-bok version 3\" width=\"203\" height=\"289\"><\/a><figcaption id=\"caption-attachment-164\" class=\"wp-caption-text\">Andra boken i serien &#8221;Karsj\u00f6hultsber\u00e4ttelser&#8221;<\/figcaption><\/figure><br>\n<figure id=\"attachment_174\" aria-describedby=\"caption-attachment-174\" style=\"width: 187px\" class=\"wp-caption alignright\"><a href=\"http:\/\/yvonnewaern.se\/wp-content\/uploads\/2015\/12\/Molnomslag2.jpg\"><img loading=\"lazy\" decoding=\"async\" class=\"wp-image-174 size-medium\" src=\"http:\/\/yvonnewaern.se\/wp-content\/uploads\/2015\/12\/Molnomslag2-187x300.jpg\" alt=\"Molnomslag\" width=\"187\" height=\"300\" srcset=\"https:\/\/yvonnewaern.se\/wp-content\/uploads\/2015\/12\/Molnomslag2-187x300.jpg 187w, https:\/\/yvonnewaern.se\/wp-content\/uploads\/2015\/12\/Molnomslag2.jpg 354w\" sizes=\"auto, (max-width: 187px) 100vw, 187px\" \/><\/a><figcaption id=\"caption-attachment-174\" class=\"wp-caption-text\">Tredje boken i serien &#8221;Karsj\u00f6hultsber\u00e4ttelser&#8221;<\/figcaption><\/figure><br>\n<figure id=\"attachment_169\" aria-describedby=\"caption-attachment-169\" style=\"width: 188px\" class=\"wp-caption aligncenter\"><a href=\"http:\/\/yvonnewaern.se\/wp-content\/uploads\/2015\/12\/Waern-Yvonne-Den-ov\u00e4lkomna-g\u00e5van-Omslag.jpg\"><img loading=\"lazy\" decoding=\"async\" class=\"wp-image-169 size-medium\" src=\"http:\/\/yvonnewaern.se\/wp-content\/uploads\/2015\/12\/Waern-Yvonne-Den-ov\u00e4lkomna-g\u00e5van-Omslag-188x300.jpg\" alt=\"Waern, Yvonne - Den ov\u00e4lkomna g\u00e5van Omslag\" width=\"188\" height=\"300\" srcset=\"https:\/\/yvonnewaern.se\/wp-content\/uploads\/2015\/12\/Waern-Yvonne-Den-ov\u00e4lkomna-g\u00e5van-Omslag-188x300.jpg 188w, https:\/\/yvonnewaern.se\/wp-content\/uploads\/2015\/12\/Waern-Yvonne-Den-ov\u00e4lkomna-g\u00e5van-Omslag-642x1024.jpg 642w, https:\/\/yvonnewaern.se\/wp-content\/uploads\/2015\/12\/Waern-Yvonne-Den-ov\u00e4lkomna-g\u00e5van-Omslag.jpg 945w\" sizes=\"auto, (max-width: 188px) 100vw, 188px\" \/><\/a><figcaption id=\"caption-attachment-169\" class=\"wp-caption-text\">Fj\u00e4rde boken i serien &#8221;Karsj\u00f6hultsber\u00e4ttelser&#8221;.<\/figcaption><\/figure><\/p>\n<p><!--more--><!--more--><\/p>\n<p><\/p>\n<p><a href=\"http:\/\/yvonnewaern.se\/wp-content\/uploads\/2015\/10\/Karsj\u00f6hult-juni-20151.jpg\"><img loading=\"lazy\" decoding=\"async\" class=\"alignnone size-medium wp-image-97\" src=\"http:\/\/yvonnewaern.se\/wp-content\/uploads\/2015\/10\/Karsj\u00f6hult-juni-20151-300x225.jpg\" alt=\"Karsj\u00f6hult juni 2015\" width=\"300\" height=\"225\" srcset=\"https:\/\/yvonnewaern.se\/wp-content\/uploads\/2015\/10\/Karsj\u00f6hult-juni-20151-300x225.jpg 300w, https:\/\/yvonnewaern.se\/wp-content\/uploads\/2015\/10\/Karsj\u00f6hult-juni-20151-1024x768.jpg 1024w\" sizes=\"auto, (max-width: 300px) 100vw, 300px\" \/><\/a><\/p>\n<p>Karsj\u00f6hult -Minnesb\u00e4rare, inspiration. L\u00f6nnarna blev tvungna att f\u00f6rsvinna. De var ruttna inuti. Men vi l\u00e4t plantera tv\u00e5 nya.<\/p>\n<p><\/p>\n\n\n<figure class=\"wp-block-image size-large\"><a href=\"https:\/\/yvonnewaern.se\/wp-content\/uploads\/2021\/08\/Lonnen-Li-2021-scaled.jpg\"><img loading=\"lazy\" decoding=\"async\" width=\"768\" height=\"1024\" src=\"https:\/\/yvonnewaern.se\/wp-content\/uploads\/2021\/08\/Lonnen-Li-2021-768x1024.jpg\" alt=\"\" class=\"wp-image-1436\" srcset=\"https:\/\/yvonnewaern.se\/wp-content\/uploads\/2021\/08\/Lonnen-Li-2021-768x1024.jpg 768w, https:\/\/yvonnewaern.se\/wp-content\/uploads\/2021\/08\/Lonnen-Li-2021-225x300.jpg 225w, https:\/\/yvonnewaern.se\/wp-content\/uploads\/2021\/08\/Lonnen-Li-2021-1152x1536.jpg 1152w, https:\/\/yvonnewaern.se\/wp-content\/uploads\/2021\/08\/Lonnen-Li-2021-1536x2048.jpg 1536w, https:\/\/yvonnewaern.se\/wp-content\/uploads\/2021\/08\/Lonnen-Li-2021-scaled.jpg 1920w\" sizes=\"auto, (max-width: 768px) 100vw, 768px\" \/><\/a><figcaption>H\u00e4r \u00e4r en av de nhya l\u00f6nnarna. Den st\u00e5r n\u00e4rmast lillstugan och har f\u00e5tt namnet &#8221;Li&#8221;. St\u00e5r p\u00e5 exakt samma st\u00e4lle som den gamla l\u00f6nnen.<\/figcaption><\/figure>\n\n\n\n<p>Passa p\u00e5 att beundra gr\u00e4smattan. Den har f\u00e5tt en ny sk\u00f6tare, en gr\u00e4sklipparrobot som f\u00e5tt namnet &#8221;Gr\u00e5lle&#8221;. Nu \u00e4r gr\u00e4set alltid kortklippt samtidigt som kl\u00f6verblommorna blommar fint, f\u00f6r humlornas skull.<\/p>\n\n\n\n<p><\/p>\n","protected":false},"excerpt":{"rendered":"<p>F\u00f6rsta boken i serien &#8221;Karsj\u00f6hultsber\u00e4ttelser&#8221;<\/p>\n","protected":false},"author":1,"featured_media":0,"parent":0,"menu_order":0,"comment_status":"closed","ping_status":"closed","template":"","meta":{"footnotes":""},"class_list":["post-49","page","type-page","status-publish","hentry"],"_links":{"self":[{"href":"https:\/\/yvonnewaern.se\/index.php\/wp-json\/wp\/v2\/pages\/49","targetHints":{"allow":["GET"]}}],"collection":[{"href":"https:\/\/yvonnewaern.se\/index.php\/wp-json\/wp\/v2\/pages"}],"about":[{"href":"https:\/\/yvonnewaern.se\/index.php\/wp-json\/wp\/v2\/types\/page"}],"author":[{"embeddable":true,"href":"https:\/\/yvonnewaern.se\/index.php\/wp-json\/wp\/v2\/users\/1"}],"replies":[{"embeddable":true,"href":"https:\/\/yvonnewaern.se\/index.php\/wp-json\/wp\/v2\/comments?post=49"}],"version-history":[{"count":18,"href":"https:\/\/yvonnewaern.se\/index.php\/wp-json\/wp\/v2\/pages\/49\/revisions"}],"predecessor-version":[{"id":1439,"href":"https:\/\/yvonnewaern.se\/index.php\/wp-json\/wp\/v2\/pages\/49\/revisions\/1439"}],"wp:attachment":[{"href":"https:\/\/yvonnewaern.se\/index.php\/wp-json\/wp\/v2\/media?parent=49"}],"curies":[{"name":"wp","href":"https:\/\/api.w.org\/{rel}","templated":true}]}}